421 + 440. Suppose -460 = -2*n - 4*y, m*y = 3*n + 23*y - 684. Calculate the highest common factor of n and 56.
56
Suppose 4*m - 4*r + 8*r = 72, -2*r = -3*m + 64. Let c = 1 + 3. Suppose 0 = 4*b - 16, l + c*b = 3*l - m. Calculate the highest common divisor of l and 30.
6
Let j(s) = -3 - s**2 + 21 - 27 - 19*s. Let t be j(-10). What is the highest common factor of t and 9?
9
Suppose -2*i = -3*a + 1483, 28*a - 3495 = 21*a - 4*i. What is the greatest common factor of 1349 and a?
71
Let k = 14112 + -13561. What is the highest common divisor of 812 and k?
29
Let a(v) = 2*v + 13. Let l be a(-8). Let q = l - -22. Suppose -q*j = -18*j - 26. Calculate the highest common factor of j and 156.
26
Let y be (-364)/49*168/(-16). Suppose -22 = 2*i - y. Let b = -13 - -20. What is the highest common divisor of b and i?
7
Suppose 40 = -5*z + 15. Let l be 5*-1*(-4 + 8 + z). What is the greatest common factor of 4 and l?
1
Let b(v) be the third derivative of -v**5/60 + 3*v**4/8 + 5*v**3 - 4*v**2 + 6. Let z be b(9). Calculate the highest common factor of z and 240.
30
Let z = 8344 - 8025. Calculate the greatest common factor of 2001 and z.
29
Let l(x) = 28*x + 48. Let f(c) = -29*c - 45. Let p(q) = 6*f(q) + 5*l(q). Let z be p(-11). Calculate the highest common divisor of z and 43.
43
Suppose -71 = 131*q - 2429. What is the highest common factor of 474 and q?
6
Let g be 18/(-33) - (-1)/11*94. What is the highest common divisor of g and 386?
2
Let i be 5/1 - 2464063/(-49). Calculate the highest common factor of i and 18.
18
Suppose h + 16215 = 6*u - 2*h, 5*u = 3*h + 13515. What is the highest common factor of u and 100?
100
Let k(o) = -o**2 - 5*o + 22. Let n be (7 - 1)*(-4 + (0 - -3)). Let u be k(n). Calculate the greatest common factor of 80 and u.
16
Suppose -r = -x - 354, 0 = 3*r + 2*x - 0*x - 1047. Let l = 264 - 251. What is the highest common factor of r and l?
13
Let w(j) = 17 - 5*j - 3 + j**2 + 3 + 2*j. Let v be w(7). Calculate the greatest common divisor of v and 18.
9
Let j be ((-721)/515)/((-1)/5). What is the highest common divisor of j and 10997?
7
Let k(q) = -q - 12*q + 4*q**2 + 7*q + 6*q + 10. Let b be k(-5). Let c(i) = 8*i + 4. Let u be c(5). Calculate the highest common divisor of b and u.
22
Let h(w) = 39*w - 15. Let z be h(11). Let q be 11/44 - z/(-8). Let x(p) = -33*p + 204. Let m be x(5). Calculate the greatest common factor of q and m.
13
Let g(u) = -10*u - 4. Let l be g(-6). Suppose a + a = l. Suppose -10 + 121 = 6*y - 309. Calculate the highest common factor of y and a.
14
Let p(d) = 5*d + 7. Let a be p(-4). Let r = a - -22. Suppose -11*y - 8 + 107 = 0. Calculate the greatest common divisor of y and r.
9
Suppose 20 = 8*r - 1100. Suppose -4*w = 3*a - 36, 38 = 4*a + 3*w - 3. Suppose -y + 48 = -a. What is the greatest common divisor of r and y?
28
Let l be 1408 - (33/44)/(3/(-24*1)). Calculate the highest common divisor of l and 126.
14
Suppose -36*t + 5760 = 24*t. Calculate the highest common divisor of 186 and t.
6
Let w(v) = v + 8. Let t = 156 + -142. Let a be w(t). Calculate the highest common divisor of 99 and a.
11
Suppose 17861*q - 17853*q - 2184 = 0. What is the highest common factor of q and 3507?
21
Suppose 0 = c + 2*s + 13, -64 = 4*c + 3*s + 2*s. Let j(w) = w + 23. Let x be j(c). What is the greatest common factor of x and 34?
2
Suppose 210 = 5*c - 0. Let m(q) = -3*q**3 - 2*q**2 - 4*q - 9. Let l be m(-2). Let d be (-20)/l + 1 - 1009/(-3). Calculate the highest common factor of d and c.
42
Let q = 53 + -11. Let h(n) = 14*n**2 - 177*n + 5. Let z be h(13). What is the highest common factor of z and q?
14
Let n(l) = 512*l + 1168. Let r be n(-2). What is the highest common factor of r and 36?
36
Let j = 9610 - 9162. Let x be (1 - 21)*126/(-15). What is the greatest common divisor of j and x?
56
Let i be 3449 - ((1 - -6) + (-480)/(-120)). What is the highest common divisor of i and 12?
6
Let a be (-45)/60 + ((-7716)/(-40))/((-24)/(-20)). What is the highest common divisor of 344 and a?
8
Let u be (-156)/(-1)*(-6)/4. Let d(w) = -w + 50. Let x be d(38). Let p be 2/4 - u/x. What is the greatest common divisor of p and 60?
20
Let b = 11 + -9. Let j be (0 - (-2 + -88))*1/b. Let s be (-9 + -1)/((-4)/6). What is the greatest common factor of j and s?
15
Let v = -212485 + 212486. Let g = 6 + 1. What is the greatest common factor of g and v?
1
Suppose 5 = 5*b - 10. Suppose -4*u = 2*m - 0*u - 66, b*u - 61 = -2*m. Suppose -21*c - 72 = -m*c. Calculate the greatest common divisor of 4 and c.
4
Let k = -364 - -368. Let a be -4 - (k - (-5 + 17)). Suppose -2*n = -2 - 18. What is the greatest common divisor of a and n?
2
Suppose m - 186*a + 181*a - 1 = 0, -2*a = 5*m - 32. What is the greatest common factor of 2523 and m?
3
Let h(z) = 116*z + 1078. Let g be h(0). Calculate the highest common divisor of g and 110.
22
Suppose 139 + 61 = 5*y. Let z(j) be the first derivative of j**2 + 30*j - 25. Let b be z(-10). What is the highest common factor of y and b?
10
Suppose 92*a + 43 = 96*a - 3*s, -2*a = 2*s - 18. Let m(d) = 318*d + 24. Let i be m(2). Calculate the greatest common divisor of a and i.
10
Suppose -q + 4*p = -3834, -90*q + 5*p = -89*q - 3832. What is the greatest common factor of 68 and q?
34
Let n(r) = -r**3 + 36*r**2 + 68*r + 58. Let i be n(36). Calculate the greatest common divisor of 28 and i.
14
Suppose 0 = 4*g - r - 37, -2*g - 7 = 5*r - 20. Suppose 3*x - 22 - 23 = 0. Let v be (84/(-10))/((-2)/x). Calculate the highest common divisor of g and v.
9
Let z = -16 - -21. Suppose 16 = z*u - 2*h, 0 = -2*u - u + 5*h + 2. Let m be 5/((-60)/(-54)) - 2/u. Calculate the greatest common factor of 4 and m.
4
Suppose 5*w + 2*j = 2*w + 644, 4*j = -4*w + 864. Calculate the highest common factor of 159 and w.
53
Let s be 3281 + (8 - (-16 + 29)). Calculate the highest common factor of 378 and s.
126
Suppose -c + 0*c = 10. Let r(v) = -3*v + 6 - 14 + 2*v**3 - v**3 - 10*v**2 - 2*v**3. Let t be r(c). What is the greatest common factor of 55 and t?
11
Let d = 593 - 600. Let n(a) = 4*a**2 - 6*a - 38. Let g be n(d). Calculate the greatest common factor of 125 and g.
25
Let i be (38/3)/((-3)/(-612)). What is the greatest common factor of i and 16?
8
Let k = 6830 + -6630. Calculate the greatest common factor of 1900 and k.
100
Let a be 7/3*(0 + 15). Let i(v) = -11*v + 103. Let l be i(8). Let r be 1/(10/l)*140/15. Calculate the greatest common divisor of r and a.
7
Let u be 5764/176 - (-3)/12. Calculate the greatest common divisor of u and 1716.
33
Let w be (-1400)/(-105) + -14 - 10/(-6). What is the greatest common divisor of w and 283?
1
Let c = -31 - -77. Let f be 0/15 + (128 - -1). Suppose -2*l = 3*w - f, 5*l - 2*w = 9*l - 270. What is the highest common factor of l and c?
23
Suppose -78*j - 2 = -76*j. Let o(u) = -55*u + 1. Let q be o(j). Let z be 1443/21 + 16/q. Calculate the highest common divisor of 46 and z.
23
Let j(p) = -8*p**2 - 173*p - 761. Let a be j(-11). What is the highest common divisor of a and 33234?
174
Let i = -346 - -359. Suppose 5*p = 5*z - 90, 5*p + 33 = i. What is the greatest common divisor of 224 and z?
14
Let a = 78 - -75. Suppose 101 = 5*h + t - a, 4*h - 9*t - 213 = 0. What is the highest common divisor of 663 and h?
51
Let w = 298 + -664. Let d = -351 - w. What is the greatest common factor of d and 55?
5
Let p = 39 - 23. Let h(u) = u**2 - 18*u + 26. Let c be h(16). Let z be 9065/140 + c/8. What is the highest common factor of z and p?
16
Suppose -539 = -5*m + 3*y, -2*m + 243 = 4*y - 9. Let a = 40 + -24. Calculate the highest common factor of m and a.
16
Suppose -3*g - 12 = -0*g, 3*i + 6 = -3*g. Let w be 5 + 15*i/6. What is the highest common divisor of 50 and w?
10
Let j(y) = 28*y + 205. Let q be j(-6). Suppose -93 = -2*c - q. Calculate the greatest common factor of 980 and c.
28
Let o(l) = 3*l**2 - 7*l - 748. Let v be o(-16). What is the greatest common divisor of 627 and v?
33
Let p be (-10980)/244*(-14)/6. Calculate the greatest common divisor of 2352 and p.
21
Suppose -c + 3*j = -20, -73 = -5*c - 2*j - 24. Let a = -7 + 11. Let k be (2 - -20)/(a/10). Calculate the highest common divisor of c and k.
11
Let f = -9236 + 9659. Calculate the greatest common factor of f and 117.
9
Suppose 0*m + 2*m = 0. Suppose -4*y + m*z + 3*z + 557 = 0, 2*y - 4*z -